= s**2 + 4*s + 2. Let r be u(-3). Let f(m) = -m**3 + 5*m**2 - 4*m - 2. Let d be f(4). Let x = d + r. Determine z(x).
2
Suppose u = -1 + 4. Let w(q) = 9*q**2 - 8*q + 6. Let h(k) = -5*k**2 + 4*k - 3. Let z(f) = -7*h(f) - 4*w(f). What is z(u)?
0
Let h(s) = 12*s + 2 - 16*s + s**2 - s**3 + 4*s**2. Determine h(4).
2
Let p(i) = -i - 1. Let f be 4/2 - (8 - 1). Let k = f + 7. Calculate p(k).
-3
Let a(s) = 5*s + 15. Let z(t) = -3*t - 10. Let x(n) = -5*a(n) - 8*z(n). Calculate x(5).
0
Let v = -14 + 19. Let m(z) = -z**2 + 2*z - 6. Give m(v).
-21
Let k(x) be the third derivative of -x**6/120 + x**4/24 - 11*x**2. What is k(-2)?
6
Let u(z) be the first derivative of z**2/2 + 3. Give u(-3).
-3
Let y be 144/297 + 1/(-22)*-4. Let r(q) be the second derivative of -y*q**3 + 1/6*q**4 + 0*q**2 + 0 - 4*q. What is r(3)?
6
Let q be 1 + (-2 - 0) - -5. Suppose -2 = 6*l + q. Let p(w) = w + 1. Calculate p(l).
0
Let b = 20 + -23. Let j(t) = -t**2 - 2*t + 4. What is j(b)?
1
Let z(m) = m**2 - 3*m - 2. Let o(b) = -1 + 3*b + b - 3*b + 4*b**2. Let v(h) = 5*h**2 + h - 2. Let u(j) = 6*o(j) - 5*v(j). Let w be u(0). Give z(w).
2
Let n(h) = h + 1. Suppose c - 5*v + 8 = -13, 0 = c - v + 5. Determine n(c).
0
Let b be (2/(-4))/(2/20). Let n(w) be the first derivative of w**2 + 3*w - 12. Give n(b).
-7
Let p(x) be the second derivative of x**7/2520 + x**6/90 + 7*x**5/120 + 7*x**4/12 + 5*x. Let y(c) be the third derivative of p(c). Determine y(-6).
-5
Suppose -9*s + 20 = -5*s. Let v(o) = o**2 - 4*o**2 - o**3 - s*o - 3*o**2 + 4. Let f be (-2)/5 + 54/(-15). Give v(f).
-8
Let s be (1 + 1 - 3)*-1. Let d be (s/(-2))/(1/30). Let p be (24/15)/((-6)/d). Let r(n) = n**2 - 4*n - 5. Determine r(p).
-5
Let f(z) = 0*z**3 + 1 - 7*z**3 + 2*z**3 - 2*z**2. Determine f(1).
-6
Suppose -4*c + 20 = -0*j + 4*j, -4*c = 5*j - 24. Let w be (c + (-2 - -2))*-3. Let o = w - -2. Let r(d) = -4*d**3 + d**2 - 1. Calculate r(o).
4
Let g(z) = z**2 - z - 6. Let j = 3 - 12. Let a = -6 - j. Let d = a - 3. Give g(d).
-6
Let l(j) = j**3 + j**2 + j + 4. Suppose 8 = -5*m + m. Suppose -2*g = -3*g - 2. Let w be m/1 + g/(-1). What is l(w)?
4
Let n(a) = a - 1. Let g be (-26)/(-6) - (-14)/21. What is n(g)?
4
Let h(p) = -p**2 - 2*p + 3. Let n = 6 - 10. Let o(c) = -c**2 - 2*c + 4. Let a be o(n). Calculate h(a).
-5
Let t be (-4)/10 - 13/5. Let s(j) be the second derivative of j**4/12 - j**3/3 - 3*j**2/2 - 7*j. What is s(t)?
12
Let i be 4 - -1*(-12)/(-4). Let k(l) = -l**2 + 7*l + 6. Calculate k(i).
6
Suppose 0 = 2*p - 7 + 1. Let v(n) = 2*n**3 + 8 - n**p - 8*n**2 + 4*n + n**2. Give v(6).
-4
Suppose 14 = -f + 5*q, -f + 3*q = -0*q + 8. Let d(j) = -8*j**3 + 2*j - 1. Give d(f).
-7
Let u(j) = j**3 + 7*j**2 - j - 10. Let i(s) = s**3 - 3*s**2 - 3*s + 2. Let g be i(3). Determine u(g).
-3
Let k(o) = o**3 + 6*o**2 + 5*o - 2. Let s = 12 + -17. Let r be k(s). Let f(q) = -q. Let j be f(r). Let c(v) = -2*v**2 + 2. Calculate c(j).
-6
Let z(n) = 11*n**2 - n. Let f be z(1). Let x = 11 - f. Let r(c) = -c**2 + 3*c**2 + 3*c**3 - c + 2*c**3. Calculate r(x).
6
Let o(i) = -i**2 + 7*i + 1. Let x be o(7). Let b(t) = -1 + t - 3*t - 44*t**2 + 48*t**2 + 2. Calculate b(x).
3
Let b(h) = -h + 2. Let y = -37 + 40. Give b(y).
-1
Suppose 5*v + 2 - 7 = 0. Let y(h) = -16*h**3 + 2*h**2 - h. Calculate y(v).
-15
Let a(z) = 3*z**3 + 2*z + 4. Let d(t) = 7*t**3 + 5*t + 9. Let x(o) = -5*a(o) + 2*d(o). Calculate x(-2).
6
Let u(m) = -m**2 - 9*m + 14. Let t be u(-11). Let w = t - -6. Let i(q) = 3*q**2 + q + 1. Give i(w).
11
Let t(h) = 7*h**3 - 4*h**2 - 15*h - 1 + 3*h**2 - 2*h**3 + 17*h. What is t(1)?
5
Let u(z) = z + 4. Let q(g) be the third derivative of -g**4/24 - 2*g**3/3 - 5*g**2. Let i(j) = -3*q(j) - 4*u(j). What is i(-6)?
2
Let f(z) = -7*z - 3. Let h(w) = -14*w - 7. Let q(n) = -9*f(n) + 4*h(n). Calculate q(-1).
-8
Let i(k) = -k + 2. Let z(r) = 0 - r - 4 + 14. Let s be z(5). Calculate i(s).
-3
Let t(x) = 2*x**3 + 17*x**2 - 10*x - 9. Let p be (1 + -7)/(2/3). Let y be t(p). Let i(b) = -b - 1. Determine i(y).
-1
Let k be (-1)/((((-20)/(-8))/(-5))/(-2)). Let h(t) = 5*t**3 + 2*t**2 + 6*t - 3. Let s(u) = 4*u**3 + u**2 + 5*u - 3. Let q(d) = 5*h(d) - 6*s(d). Give q(k).
3
Let u(z) = z**2 - 4*z + 4. Let w(f) = -f**2 + f - 1. Let b(s) = -u(s) - 2*w(s). Determine b(2).
6
Let k = -6 - -8. Let r(a) = 3*a**3 - 2*a**2 + 2*a - 13. Let p(i) = i**3 - i**2 + i - 4. Let h = 16 + -23. Let t(n) = h*p(n) + 2*r(n). Determine t(k).
0
Let c be ((-4)/(-7))/((-2)/(-14)). Let w(z) = -z**2 + 5*z - 1. Determine w(c).
3
Suppose 161*v = 148*v - 65. Let z(n) be the second derivative of n**5/20 + n**4/2 + n**3/3 + n**2/2 + n. Calculate z(v).
16
Let s(v) be the first derivative of -v**3 - 1/2*v**4 + v + 1 - 5/2*v**2 - 1/20*v**5. Let f(g) be the first derivative of s(g). Determine f(-5).
0
Suppose -5*t + 0*r - 2*r = -5, -5*r = 5*t + 10. Let u = t - 8. Let g(y) = y**3 + 6*y**2 + 5*y + 1. Determine g(u).
1
Let q(r) = r**3 + 4*r**2 - 2*r - 3. Suppose -6*j = -5*j + 4. Determine q(j).
5
Let y(f) = -f**2 + 2. Let a be y(0). Let l(j) = -j - 1. What is l(a)?
-3
Suppose -2*d + 1 = 4*x - 1, -4*d = -3*x - 4. Let m(w) = 11*w**3 + w + w + 9 - 8 - 4*w. Determine m(d).
10
Let h = -65 - -75. Let z(w) = w - 8. Determine z(h).
2
Let y be 6*(-3)/(-6) - -2. Let p(u) = u**2 - u - 3. Calculate p(y).
17
Let g(u) be the second derivative of -5*u**4/12 + u**2/2 + 6*u. Give g(1).
-4
Let y(p) = -p**2 + p + 8. Let z be y(4). Let t(o) = -6*o**2 - 4*o + 10. Let h(g) = g**2 - 1. Let a(w) = -5*h(w) - t(w). What is a(z)?
-5
Let b(l) = l**2 - 5*l + 3. Let g = -43 - -49. Calculate b(g).
9
Let h(v) = 2*v**3 + v**2 - 3*v - 4. Suppose -3*o - 1 = 2*t, 3*o + 3*t - 13 = 8*t. Let a(s) = -s**3 - s - 1. Let q(u) = o*h(u) - 4*a(u). Give q(-1).
-6
Let w = -51 - -54. Let h(t) be the second derivative of -1/12*t**4 - t**2 + w*t - t**3 + 0. Determine h(-4).
6
Let n(r) = r**3 + 19*r**2 + 22*r**2 + 0*r - 1 - r - 40*r**2. Determine n(-3).
-16
Suppose 0 = t + w + 4 - 0, -2*t = 5*w + 17. Let q(f) = 6*f**3 - 2*f**2 - f. Determine q(t).
-7
Let z(j) = -j - 6. Let c be z(-3). Let x(t) = -t. Determine x(c).
3
Let v(m) = -m + 1. Let z(o) = -4*o**2 + 4*o - 5. Let t(x) = -5*v(x) - z(x). Suppose -5*f = 5*r - 20, -6*f = -3*r - f - 28. Let u = r - 0. Give t(u).
3
Suppose -2*p + 15 = -3*n, -10 = 2*p + 5*n - 1. Let u(j) = 4*j**2 - 2 - 3*j - 3*j**2 - 3*j**2 + j**3. What is u(p)?
-2
Let o(d) = -2*d - 3*d - 7 + 8*d. Let q = 3 - 3. Suppose 15 + q = 3*h. What is o(h)?
8
Let g(a) = -9*a**3 - 2*a + 1. Let n(h) be the third derivative of -h**6/120 - 3*h**5/20 - 7*h**4/24 + 3*h**3/2 - 2*h**2. Let v be n(-8). Give g(v).
-10
Let o be 1/(-2) + 14/4. Let b(y) = 2*y**3 - 3*y**2 + 6*y + 8. Let g(w) = -w**3 + 2*w**2 - 3*w - 3. Let s(t) = 3*b(t) + 7*g(t). What is s(o)?
12
Let x(t) be the second derivative of t**4/12 + 2*t**3/3 - 3*t**2 - 27*t. Give x(-6).
6
Let n(k) = 1. Let c(i) = -i**2 - 2*i - 1. Let m(f) = c(f) + 5*n(f). Suppose -h + 1 = -j, 3*h = -j + 3*j - 2. What is m(h)?
-4
Let u(m) = -m - 1. Let s be 1*-8*1/2. Let h be s/(-10) - 9/(-15). Let n be 1*4/1 - h. Determine u(n).
-4
Let q(k) be the second derivative of -k**4/12 + k**3/6 + k**2 - 2*k. Give q(0).
2
Let w(s) = -5*s**2 + s + 1 - 2*s + 12*s**2 - s. Determine w(1).
6
Let g(h) = -3*h - 14. Let t be g(6). Let l be 4*4/t*-6. Let p(k) = -3 + 3 - 4*k + k**2. What is p(l)?
-3
Suppose -5*u = -2*m - 14, 2*u = -m - 4*m - 6. Let t(a) = a + 1. Give t(m).
-1
Let y(u) = 0*u - u - 5*u + 7*u + 1. Let l(v) = -v - 6. Let o be l(0). Calculate y(o).
-5
Let u be 8/(-6)*(-9)/(-6). Let g(a) = -a**3 - a**2 - a - 1. Calculate g(u).
5
Let c(z) = z + 2. Let n be (-1)/(1/(-2 + 3)). Give c(n).
1
Let j(l) = 6*l + 3. Let t(h) = -7*h - 3. Let p(f) = -4*j(f) - 3*t(f). What is p(5)?
-18
Let m be ((-7)/(-2))/((-1)/(-2)). Let x = -4 + m. Suppose 2*a - a = -x. Let w(j) = j + 7. Calculate w(a).
4
Let q = 12 - 7. Let m(i) = -4 + i**2 - 9*i + 0 + q*i. Suppose -22 = -5*w - 2. Give m(w).
-4
Let t(v) = -8*v - 4. Let f(z) = 1. Let o(x) = f(x) + t(x). Let y(c) = 24*c + 8. Let u(i) = -8*o(i) - 3*y(i). Determine u(-1).
8
Let w(z) be the first derivative of -1/2*z**2 - 3 + 2*z + 1/3*z**3. Calculate w(0).
2
Let c(h) = -3*h**3 - h**2 - h. Suppose -5*y = 5 - 0. What is c(y)?
3
Let q = 2 - 3. Let j = -2 + 2. Let k be 0/((j + -1)*q). Let o(z) = z - 5. Calculate o(k).
-5
Let c(b) be 